f u and 12?
12
Let g be 3/2*(-6 - 320/(-30)). Calculate the highest common factor of g and 119.
7
Suppose 88 = -3985*h + 3993*h. Suppose 2*l - 2*g = 92, 0 = -4*l + 3*g + 158 + 24. Calculate the greatest common divisor of h and l.
11
Let u = -2 - -2. Suppose -4*c + 4*i = -10 - 14, u = -2*i + 4. Suppose -165 = -9*s + c*s. Calculate the highest common divisor of 15 and s.
15
Suppose -2*h - 1 - 3 = 0. Let i be (6/(-9))/(h/18). Let r(c) = -c + 8. Let a be r(5). Calculate the highest common divisor of i and a.
3
Let r(w) = -w + 19. Suppose -40 = -19*s + 11*s. Let x be r(s). Calculate the greatest common factor of 2 and x.
2
Suppose 294 = -5*g + 11*g. Let z = g + -22. Let n = 31 - z. Calculate the highest common divisor of n and 12.
4
Let y = -30 - -44. Suppose -3*h + 12 = 3*a, y = h + 2*h + 2*a. What is the greatest common factor of 48 and h?
6
Let h be (3172/22)/1 - (-92)/(-506). Let v(l) = -l**2 + 7*l - 6. Let o be v(6). Suppose o = 5*s - 105 + 25. Calculate the highest common divisor of s and h.
16
Suppose -4*w + 68 = -0*w. Let m = 20 + -26. Let v be (-4)/1 - (m - 15). What is the greatest common factor of w and v?
17
Let d(k) = 62*k**3 + 40*k**2 - 39*k. Let f be d(1). Calculate the highest common factor of f and 45.
9
Let i = 7 - -11. Let c = -13 + i. What is the highest common factor of 1 and c?
1
Suppose 392*g - 386*g - 10740 = 0. What is the greatest common factor of 10 and g?
10
Suppose -10*o + 5183 = -337. Calculate the highest common factor of o and 48.
24
Let w be (30/18)/(2/54). What is the greatest common divisor of w and 18?
9
Suppose 0*a + 164 = 4*a - 4*v, -5*a = 2*v - 170. Let h be 0 + 10*12*9/12. Calculate the highest common divisor of a and h.
18
Let j(x) = -8*x**3 + x**2 - 14*x - 30. Let r be j(-2). Suppose 0*t = 4*t - 5*c - 34, -16 = -2*t + 2*c. What is the greatest common divisor of t and r?
6
Suppose -2*a - 188 = -7*a + 2*u, 24 = a + 3*u. Suppose 2*h - 232 = m, 4*h + m = 576 - 124. Let k = -60 + h. What is the highest common divisor of a and k?
18
Let j(f) = 2*f + 7. Suppose -4*y = 4*n - 10 + 2, 2*n + 4 = 0. Let t be j(y). Let p = -7 + 67. What is the highest common factor of p and t?
15
Let u(f) = -f + 6. Let j(s) = -s**2 + 6*s - 31. Let n(m) = -2*j(m) - 11*u(m). Let d be n(3). Calculate the greatest common factor of d and 88.
11
Let u = 653 + -385. Suppose -18*x = -u - 38. What is the greatest common factor of x and 68?
17
Let t(s) = 7*s**2 - 85*s - 49. Let q(n) = 4*n**2 - 43*n - 24. Let c(a) = -11*q(a) + 6*t(a). Let y be c(-14). Calculate the greatest common divisor of 32 and y.
32
Suppose t = -4*m + 180, -t + 2*m + 172 = -2*m. Let z(x) = 3*x**3 - 24*x**2 + 9*x - 50. Let n be z(8). Calculate the greatest common divisor of n and t.
22
Let m be (48/1)/6 + 2. What is the greatest common factor of m and 15?
5
Let z be -9*1*(-2)/6. Suppose 3*s - 2*u - 9 = 0, z*u = -u + 12. Suppose 5*y = 4*p + 39 + 97, -s*p = 4*y - 117. Calculate the highest common factor of y and 42.
14
Suppose 1653 = -3*g - 2208. Let c be 1/4 - g/(-12). Let d = -62 - c. Calculate the greatest common factor of 9 and d.
9
Suppose -2948*b - 60 = -2951*b. Let w be (4/(-6))/(1/(-6)). What is the greatest common factor of b and w?
4
Let a be ((-2)/(-3))/((-3)/351). Let y = a - -130. What is the greatest common divisor of 130 and y?
26
Let i = 97 + 23. Let p = -24899 - -24929. Calculate the greatest common factor of p and i.
30
Suppose 120 = 20*c - 180. Calculate the greatest common divisor of 25 and c.
5
Suppose 0 = 255*u - 257*u + 96. What is the highest common divisor of 84 and u?
12
Suppose 0 = -18*g + 122 + 40. Suppose -4*x + 288 = 3*q, 0 = 3*x + q - 0*q - 216. Calculate the greatest common factor of x and g.
9
Let b = -46 + 81. Let r(l) be the first derivative of l**3/3 - l**2/2 + 5*l - 5. Let x be r(0). Calculate the highest common factor of b and x.
5
Suppose -9*s + 72 = -6*s. Let h(j) = j**3 - 11*j**2 + 11*j - 14. Let q be h(10). Let y be q/(32/20)*-24. Calculate the highest common factor of s and y.
12
Let t be (-4 - -3) + 3 - -4. Let s(x) = x**2 + 8*x - 3. Let q be s(t). What is the highest common divisor of 9 and q?
9
Let o be (15/12)/((-6)/(-144)). Calculate the greatest common factor of 48 and o.
6
Let k(u) = -108*u**3 + 13*u + 17. Let d be k(-2). Calculate the highest common divisor of d and 45.
45
Suppose 15 = -2*c + 7*c. Suppose 0 = c*d + 2*d - 2*p, p = -4*d. Suppose d = 5*o - 3*u - 30, -o = 2*u - 19. Calculate the greatest common factor of o and 45.
9
Suppose 5*w - 3*g - 1046 = -0*g, 5*w = -4*g + 1067. Suppose 0 = -2*u - 3*m + w, -u + 0 = -4*m - 100. What is the greatest common divisor of 13 and u?
13
Let t = 138 + -200. Let u = 117 + t. Calculate the greatest common divisor of 11 and u.
11
Suppose 3*g - 36 = -3*w, 2*w + 15 = 3*w + 2*g. Calculate the greatest common factor of 81 and w.
9
Let l(o) = 217*o - 1284. Let v be l(6). Calculate the greatest common divisor of 14 and v.
2
Let m = 41 - 38. Suppose 2*h - m*n + 6*n - 7 = 0, 3*h - 3*n = 33. Calculate the highest common factor of h and 1.
1
Let z(o) = o + 11. Let p be z(0). Suppose -r = -4*w + 3*w - 7, -r + 13 = -4*w. Let x be (-113)/(-2) - (-3)/w. What is the greatest common factor of p and x?
11
Let u = -589 + 817. Calculate the highest common divisor of u and 399.
57
Let c(s) = -s**2 + 3*s + 11. Let z be c(5). Let o be ((-15)/6)/((-4)/24). Calculate the greatest common factor of o and z.
1
Let h = 182 + -119. What is the greatest common divisor of h and 1575?
63
Let d be 6 + -4 + -1 - (0 + -8). Let v be (1/(-3))/((-5)/405). What is the highest common factor of v and d?
9
Suppose 21*p = 843 + 1236. Calculate the greatest common factor of p and 363.
33
Let p = 16 + -14. Suppose -3*s - s - 42 = -p*v, 2*s = -v - 27. Let t = 13 + s. Calculate the greatest common factor of t and 11.
1
Suppose -1492 = -16*o + 5612. Calculate the greatest common factor of o and 148.
148
Suppose 0 = -4*s + 4*a + 368, 165 - 5 = 2*s + 4*a. Calculate the highest common divisor of 11 and s.
11
Let m = -21 + 25. Suppose -483 = 3*t + m*t. Let k = t - -114. What is the greatest common divisor of k and 5?
5
Let n(k) = -k**3 - 23*k**2 - 22*k. Let q be n(-22). Suppose 0 = -q*o + o - 2, 0 = -y - o + 16. Calculate the greatest common factor of 7 and y.
7
Suppose -7*h + 508 = -3*h. Let p = 57 - 8. Suppose -h = -2*t + p. Calculate the greatest common factor of t and 8.
8
Suppose 5*a = 6*a + 2*m - 2927, 4*a = -2*m + 11684. Calculate the greatest common factor of a and 7.
7
Suppose -2*s + 4*f = 8 + 4, f = -5*s + 3. Suppose s = 3*o - 2*v - 65, -27 = -o - v + 3*v. Let z be 4/12*9*o. Calculate the greatest common factor of 19 and z.
19
Suppose 4*d = -5*y + 1191, -y - 222 + 469 = 3*d. Let l be -2 - (0 - 1*49). Calculate the greatest common factor of y and l.
47
Suppose -10*x = -6*x - 256. Let k = 94 - x. Calculate the greatest common factor of k and 30.
30
Let v(i) = i**3 - 5*i**2 + 6*i. Let k be v(4). Suppose -c = -2*c - 1. Let u be (-5 - c)/k*-18. What is the highest common divisor of u and 54?
9
Let d = 115 - 80. Let g(z) = 17*z - 9. Let t(q) = 17*q - 8. Let b(a) = 6*g(a) - 7*t(a). Let r be b(-4). Calculate the greatest common divisor of r and d.
35
Let b(g) be the second derivative of -g**5/20 + 7*g**4/12 + 5*g**3/3 - 5*g**2/2 + 4*g. Let x be b(8). What is the highest common divisor of x and 88?
11
Let y = 1284 - 1253. Calculate the highest common divisor of 775 and y.
31
Suppose -10*r - 234 = -16*r. Calculate the highest common divisor of 156 and r.
39
Let n = -310 - -506. Calculate the highest common divisor of n and 4.
4
Let q(h) = -h**3 - 43*h**2 - 44*h + 8. Let k be q(-42). Let a be 1/(-4) - 372/(-16). What is the greatest common divisor of k and a?
23
Suppose u = -u + 12. Let r(p) = p**3 - 24*p**2 + 3*p - 30. Let h be r(24). Calculate the highest common factor of h and u.
6
Suppose 5*x + 2*f - 4032 = -f, 5*x - 5*f - 4040 = 0. What is the greatest common factor of 3 and x?
3
Suppose -2*f + 45 = 9. Suppose f = -w - 2*l, -15 = 4*w + 2*l + 51. Let n be ((-2)/(-4))/((-2)/w). Calculate the highest common factor of 6 and n.
2
Let n(a) = a**3 - 21*a**2 + 40*a - 8. Let i be n(19). Suppose -3*f + i = -3*j, f + j = -4*f + 68. What is the greatest common divisor of f and 52?
13
Let j(f) = 14*f - 25. Let p be j(3). Calculate the highest co